{"id":10,"date":"2017-08-12T13:10:40","date_gmt":"2017-08-12T11:10:40","guid":{"rendered":"http:\/\/www.kkvrhnika.si\/?page_id=10"},"modified":"2024-09-16T12:11:40","modified_gmt":"2024-09-16T10:11:40","slug":"o-klubu","status":"publish","type":"page","link":"https:\/\/www.kkvrhnika.si\/?page_id=10","title":{"rendered":"O KLUBU"},"content":{"rendered":"\n<p><strong>Ko\u0161arkarski klub Vrhnika<br><\/strong>Pod Hru\u0161evco 33<br>1360 Vrhnika<br>Dav\u010dna \u0161tevilka:\u00a072976853<br>Mati\u010dna \u0161tevilka:\u00a05954070000<br>IBAN: SI56 024380265674119<br><\/p>\n\n\n\n<p><strong>PREDSEDNIK KLUBA<\/strong><br>Erik Gantar<br>M: 041 620 782<br>E: erik.gantar@rcg.si<\/p>\n\n\n\n<p><strong>DIREKTOR KLUBA<\/strong><br>Andrej Smrekar<br>M: 041 392 165<\/p>\n\n\n\n<p><strong>OSTALI \u010cLANI UPRAVNEGA ODBORA<\/strong><\/p>\n\n\n\n<p>Uro\u0161 Justin, Benjamin Samotor\u010dan, Andrej Rajh, Igor Gra\u010dner<\/p>\n\n\n\n<p><\/p>\n\n\n\n<p><\/p>\n","protected":false},"excerpt":{"rendered":"<p>Ko\u0161arkarski klub VrhnikaPod Hru\u0161evco 331360 VrhnikaDav\u010dna \u0161tevilka:\u00a072976853Mati\u010dna \u0161tevilka:\u00a05954070000IBAN: SI56 024380265674119 PREDSEDNIK KLUBAErik GantarM: 041 620 782E: erik.gantar@rcg.si DIREKTOR KLUBAAndrej SmrekarM: 041 392 165 OSTALI \u010cLANI UPRAVNEGA ODBORA Uro\u0161 Justin, Benjamin &hellip; <\/p>\n<p class=\"link-more\"><a href=\"https:\/\/www.kkvrhnika.si\/?page_id=10\" class=\"more-link\">Preberi ve\u010d<span class=\"screen-reader-text\"> &#8220;O KLUBU&#8221;<\/span><\/a><\/p>\n","protected":false},"author":9,"featured_media":0,"parent":0,"menu_order":2,"comment_status":"closed","ping_status":"closed","template":"","meta":{"footnotes":""},"class_list":["post-10","page","type-page","status-publish","hentry"],"_links":{"self":[{"href":"https:\/\/www.kkvrhnika.si\/index.php?rest_route=\/wp\/v2\/pages\/10","targetHints":{"allow":["GET"]}}],"collection":[{"href":"https:\/\/www.kkvrhnika.si\/index.php?rest_route=\/wp\/v2\/pages"}],"about":[{"href":"https:\/\/www.kkvrhnika.si\/index.php?rest_route=\/wp\/v2\/types\/page"}],"author":[{"embeddable":true,"href":"https:\/\/www.kkvrhnika.si\/index.php?rest_route=\/wp\/v2\/users\/9"}],"replies":[{"embeddable":true,"href":"https:\/\/www.kkvrhnika.si\/index.php?rest_route=%2Fwp%2Fv2%2Fcomments&post=10"}],"version-history":[{"count":2,"href":"https:\/\/www.kkvrhnika.si\/index.php?rest_route=\/wp\/v2\/pages\/10\/revisions"}],"predecessor-version":[{"id":5406,"href":"https:\/\/www.kkvrhnika.si\/index.php?rest_route=\/wp\/v2\/pages\/10\/revisions\/5406"}],"wp:attachment":[{"href":"https:\/\/www.kkvrhnika.si\/index.php?rest_route=%2Fwp%2Fv2%2Fmedia&parent=10"}],"curies":[{"name":"wp","href":"https:\/\/api.w.org\/{rel}","templated":true}]}}